n 5941 is divided by 2734?
473
What is the remainder when 5011 is divided by 1123?
519
Calculate the remainder when 22342 is divided by 189.
40
What is the remainder when 2667 is divided by 2623?
44
Calculate the remainder when 2304249 is divided by 50.
49
What is the remainder when 1566 is divided by 281?
161
What is the remainder when 12069 is divided by 12052?
17
What is the remainder when 29218 is divided by 7301?
14
Calculate the remainder when 54469 is divided by 30.
19
What is the remainder when 37599 is divided by 123?
84
What is the remainder when 1247954 is divided by 246?
242
What is the remainder when 91818 is divided by 1093?
6
Calculate the remainder when 299 is divided by 47.
17
Calculate the remainder when 76702 is divided by 29.
26
What is the remainder when 14548 is divided by 794?
256
What is the remainder when 22623 is divided by 57?
51
Calculate the remainder when 2901 is divided by 246.
195
Calculate the remainder when 10340 is divided by 159.
5
Calculate the remainder when 516241 is divided by 887.
7
Calculate the remainder when 3861 is divided by 69.
66
Calculate the remainder when 7410 is divided by 200.
10
Calculate the remainder when 894330 is divided by 29.
28
What is the remainder when 8616 is divided by 307?
20
Calculate the remainder when 8059 is divided by 55.
29
Calculate the remainder when 11816 is divided by 53.
50
What is the remainder when 1705 is divided by 7?
4
What is the remainder when 42815 is divided by 57?
8
Calculate the remainder when 28910 is divided by 8.
6
Calculate the remainder when 27134 is divided by 187.
19
What is the remainder when 94742 is divided by 59?
47
What is the remainder when 2593 is divided by 52?
45
Calculate the remainder when 98930 is divided by 450.
380
What is the remainder when 180868 is divided by 1360?
1348
What is the remainder when 19188 is divided by 1891?
278
Calculate the remainder when 5824 is divided by 29.
24
Calculate the remainder when 5150 is divided by 185.
155
What is the remainder when 22354 is divided by 96?
82
What is the remainder when 5088 is divided by 582?
432
What is the remainder when 8296 is divided by 35?
1
What is the remainder when 33808 is divided by 322?
320
What is the remainder when 8135 is divided by 1312?
263
What is the remainder when 15857 is divided by 5123?
488
Calculate the remainder when 6591 is divided by 79.
34
What is the remainder when 4768524 is divided by 95?
94
What is the remainder when 159178 is divided by 105?
103
What is the remainder when 9303 is divided by 96?
87
What is the remainder when 1514 is divided by 1366?
148
Calculate the remainder when 8513 is divided by 103.
67
What is the remainder when 1177 is divided by 9?
7
Calculate the remainder when 42693 is divided by 42682.
11
What is the remainder when 81544 is divided by 40755?
34
Calculate the remainder when 4883 is divided by 4875.
8
Calculate the remainder when 108403 is divided by 41.
40
What is the remainder when 13894 is divided by 111?
19
What is the remainder when 7163 is divided by 281?
138
Calculate the remainder when 2281 is divided by 124.
49
What is the remainder when 2070 is divided by 22?
2
What is the remainder when 5991 is divided by 300?
291
Calculate the remainder when 1073878 is divided by 180.
178
Calculate the remainder when 11721 is divided by 206.
185
Calculate the remainder when 23855 is divided by 4717.
270
What is the remainder when 79252 is divided by 11?
8
What is the remainder when 3578 is divided by 3437?
141
Calculate the remainder when 1238083 is divided by 243.
241
What is the remainder when 43956 is divided by 62?
60
Calculate the remainder when 42855 is divided by 184.
167
Calculate the remainder when 21975 is divided by 1564.
79
What is the remainder when 5803 is divided by 264?
259
What is the remainder when 139778 is divided by 101?
95
What is the remainder when 67266 is divided by 33629?
8
Calculate the remainder when 2097 is divided by 66.
51
Calculate the remainder when 27105 is divided by 822.
801
What is the remainder when 55381 is divided by 19?
15
What is the remainder when 3479643 is divided by 28?
27
Calculate the remainder when 12851 is divided by 1045.
311
What is the remainder when 43942 is divided by 35?
17
What is the remainder when 14374 is divided by 444?
166
Calculate the remainder when 10645 is divided by 10591.
54
Calculate the remainder when 77125 is divided by 27.
13
Calculate the remainder when 234927 is divided by 251.
242
Calculate the remainder when 19092 is divided by 2106.
138
Calculate the remainder when 594256 is divided by 14856.
16
Calculate the remainder when 2230 is divided by 278.
6
What is the remainder when 111184 is divided by 20?
4
What is the remainder when 46340 is divided by 58?
56
What is the remainder when 74150 is divided by 77?
76
Calculate the remainder when 35970 is divided by 35914.
56
Calculate the remainder when 1225 is divided by 2.
1
What is the remainder when 111733 is divided by 65?
63
What is the remainder when 4559 is divided by 2216?
127
What is the remainder when 54105 is divided by 54097?
8
What is the remainder when 22222 is divided by 18?
10
Calculate the remainder when 31753 is divided by 87.
85
Calculate the remainder when 44551 is divided by 68.
11
Calculate the remainder when 2982 is divided by 355.
142
Calculate the remainder when 1173331 is divided by 586659.
13
What is the remainder when 225046 is divided by 1907?
20
Calculate the remainder when 2601 is divided by 143.
27
What is the remainder when 21574 is divided by 174?
172
What is the remainder when 1574 is divided by 42?
20
What is the remainder when 59065 is divided by 56?
41
What is the remainder when 13365 is divided by 3333?
33
What is the remainder when 524918 is divided by 220?
218
Calculate the remainder when 70419 is divided by 118.
91
What is the remainder when 49780 is divided by 125?
30
Calculate the remainder when 37423 is divided by 13.
9
Calculate the remainder when 4930 is divided by 363.
211
Calculate the remainder when 3860 is divided by 350.
10
What is the remainder when 4132 is divided by 34?
18
What is the remainder when 22972 is divided by 11480?
12
Calculate the remainder when 5459 is divided by 1297.
271
Calculate the remainder when 88663 is divided by 9851.
4
Calculate the remainder when 7943 is divided by 159.
152
Calculate the remainder when 619665 is divided by 17.
15
Calculate the remainder when 1679 is divided by 336.
335
Calculate the remainder when 977 is divided by 53.
23
What is the remainder when 5219 is divided by 560?
179
Calculate the remainder when 69304 is divided by 7698.
22
Calculate the remainder when 9858 is divided by 21.
9
Calculate the remainder when 1525854 is divided by 2986.
8
Calculate the remainder when 90594 is divided by 116.
114
Calculate the remainder when 57376 is divided by 27.
1
What is the remainder when 8657 is divided by 16?
1
What is the remainder when 58009 is divided by 9665?
19
Calculate the remainder when 19299 is divided by 374.
225
What is the remainder when 9150 is divided by 2890?
480
Calculate the remainder when 359109 is divided by 71.
62
Calculate the remainder when 163 is divided by 9.
1
What is the remainder when 4829 is divided by 484?
473
Calculate the remainder when 13971 is divided by 89.
87
Calculate the remainder when 1181211 is divided by 14765.
11
What is the remainder when 89822 is divided by 22?
18
Calculate the remainder when 961 is divided by 21.
16
What is the remainder when 182362 is divided by 42?
40
Calculate the remainder when 6014 is divided by 406.
330
What is the remainder when 15203 is divided by 7411?
381
What is the remainder when 12012 is divided by 3951?
159
What is the remainder when 93562 is divided by 69?
67
What is the remainder when 5649 is divided by 5633?
16
What is the remainder when 163882 is divided by 54598?
88
What is the remainder when 2205993 is divided by 156?
153
Calculate the remainder when 575 is divided by 140.
15
Calculate the remainder when 37412 is divided by 17.
12
Calculate the remainder when 346 is divided by 94.
64
Calculate the remainder when 14636 is divided by 42.
20
What is the remainder when 224822 is divided by 3626?
10
Calculate the remainder when 24691 is divided by 71